 Suppose m = -d*m. Suppose m = 5*r - 15 - 25. What is the units digit of r?
8
What is the units digit of (-3*1)/(18/(-240))?
0
Let x = 12 + -5. What is the units digit of x?
7
Let d = 15 - -9. What is the units digit of d?
4
Suppose 0*c - 4*c = -40. Suppose 0 = -2*n + n + c. What is the tens digit of n?
1
Let k = 9 + -5. Suppose 2*g - 24 + k = 0. What is the tens digit of g?
1
Let h = 74 + -45. What is the units digit of h?
9
Suppose -3*w + 153 = -n, w - 40 = -0*n + 4*n. What is the tens digit of w?
5
Suppose -1 = q - 4. Suppose -2*o + 10 = -0, -f = -o + q. What is the units digit of f?
2
Let t(h) = -h**3 - 8*h**2 - 7*h + 2. Let k be t(-7). Suppose -k*n = -5*n + 36. What is the tens digit of n?
1
Let x = 14 + -10. Suppose x*z = -0*h + 3*h + 79, 0 = z + 4*h + 4. Suppose 0 = -0*u + 2*u - z. What is the units digit of u?
8
Suppose -84 = 4*b + 2*t, -3*b + 3*t - 12 = 60. What is the units digit of (-326)/b - (-2)/11?
5
Suppose 3*f + 4*i = 2*f + 4, 0 = 3*f + 2*i - 12. Suppose 2*d + 18 = f*d. What is the units digit of d?
9
Let a be 3/(-6) - (-19)/2. Suppose -p = 2*k - a, -3*k + 17 = 2*p + 3*p. Suppose -17 = -k*x + 11. What is the units digit of x?
7
Let o = 15 - 1. What is the units digit of o?
4
Suppose -30 = 3*z + 2*z. Let u(y) = -y**2 - 8*y - 6. Let q be u(z). Suppose -q*f + 15 = -3*f. What is the units digit of f?
5
Let p = 2 + -2. Let v be 2 - 1 - (p + -5). What is the units digit of (4/v)/(10/15)?
1
Let o(h) = -h**3 + 2*h**2 + h - 2. Let d be o(2). What is the units digit of (-3 - -11) + d + 0?
8
Let l(r) = r + 1. Let y be l(-3). What is the units digit of (-1)/(y/2) + 2?
3
Let y(x) = -x**3 + 10*x**2 + 4*x + 8. What is the units digit of y(10)?
8
Let p = 1 + 2. What is the units digit of p*2/(-12)*-10?
5
Let h = -8 + 10. Suppose i - 24 = -h*i. What is the units digit of i?
8
Suppose 0 = 5*h + 41 - 191. What is the tens digit of h?
3
Suppose -3*q + 4*h + 22 = 0, q = -q + h + 13. What is the tens digit of (20/q)/(6/63)?
3
Let x = -33 - -65. What is the units digit of x?
2
Let n be 2/3 - 6/9. Suppose 3*b = -n*b + 2*k + 21, 3 = 3*b + 4*k. Suppose -b*r = 2*w - 0*w + 12, -4*w - 4*r = 0. What is the units digit of w?
4
Suppose -4*u = -4*s - 80, 0 = -u - s - 6 + 36. Let m = -6 + u. What is the units digit of m?
9
Let j = 17 - 9. Suppose 2*z - 9 = 1. Let d = j + z. What is the tens digit of d?
1
Let z = 1128 - 774. What is the tens digit of z?
5
Suppose t - 3*t = -6. Suppose 4*a - 24 - 13 = -t*m, -5*a - 4*m = -47. What is the tens digit of (-2)/a - 93/(-7)?
1
Suppose -7*p + u = -3*p + 37, -p + u - 10 = 0. What is the units digit of (-2 + (-102)/p)*3?
8
Let r(h) = -h**2 + 11*h + 6. Suppose 0 = -w - p + 8, -w - 4*p = -9*p - 26. Let f be r(w). Suppose f*l = l + 40. What is the units digit of l?
8
Let z(d) = d**3 + 5*d**2 - 7*d - 1. Let r = 3 - 9. Let k be z(r). Suppose -5*x - 4*n - 7 = 0, -x + n - k*n - 11 = 0. What is the units digit of x?
1
Let y = -175 + 322. What is the hundreds digit of y?
1
Suppose -4*s + 31 = 6*u - u, -2*u = 4*s - 22. What is the units digit of -1*(-1*s + 3)?
1
Let z = -3 - -5. What is the units digit of 1/(z + (-9)/5)?
5
What is the units digit of 1*(-12)/(4 - 8)?
3
Let z be (15/6)/(2/(-8)). What is the units digit of z + 8 - (-42 + 0)?
0
Suppose 4*y + o - 520 = 3*o, 4*y + 5*o - 492 = 0. What is the tens digit of y?
2
Suppose 0 = -3*k + 5*t - 20, 0*k + 8 = -k + 2*t. Let o = 3 - k. Suppose -5*w + 64 = 4*v, -o*v + 53 = -2*w + 7*w. What is the tens digit of v?
1
Suppose 3*c = -5*i - 52, -4*i + 3*c - 20 = -0*c. Let q be 9/(-2*6/i). Suppose -2*p + 2*a = -q*p + 6, 5*p - 3 = 2*a. What is the units digit of p?
1
Suppose j + 3*d + 8 = 0, -3*d - 2 = -2*j - 0*j. Let r be (3/j)/(4/(-32)). Suppose k + k = 5*y + 8, 0 = -3*k + 5*y + r. What is the units digit of k?
4
Suppose -5*p - 159 = -4*o + 412, 5*o = -3*p + 686. What is the hundreds digit of o?
1
Suppose -2*z = -3*r - z + 194, 5*r + 3*z - 314 = 0. What is the tens digit of r?
6
Let q be -55*5/(25/2). Let v = -7 - q. Suppose -2*i = 3*a - 22, 5*i = 2*i + v. What is the units digit of a?
4
Let g be (-49)/(-21) + (-2)/6. Suppose -g*k + 21 = -1. What is the tens digit of k?
1
Let k = -11 + 15. Suppose -74 = -k*l + 22. What is the tens digit of l?
2
What is the units digit of 750/35 + 9/(-21)?
1
What is the tens digit of (0 - (-46)/(-8))*(2 - 6)?
2
Let h(m) = m**2 - 4*m - 9. Let b(y) = -3*y - 5. Let j be b(-4). Let o be h(j). Suppose -d - o = -g - 0, g = -d + 4. What is the units digit of g?
8
Let x be (-2)/(-8) + 11/4. Suppose -3 + 15 = x*t. What is the units digit of t?
4
Let n = 1 + 2. Suppose 3*f + 45 = n*a, 0 = -4*a + 2*f - f + 75. What is the units digit of a?
0
Let o(q) = q**2 - 7*q + 6. Let f be o(6). Suppose 14 = 2*l - f. What is the units digit of l?
7
Let v be -1 - 1 - (1 + -1). What is the tens digit of 10 - 2/(4/v)?
1
Let q(x) = 20*x**3 - 20*x**2 + 17*x - 26. Let g(t) = -2 - 7 + 6*t + 7*t**2 - 14*t**2 + 7*t**3. Let o(f) = 17*g(f) - 6*q(f). What is the units digit of o(0)?
3
Suppose 2*n = 5 + 1. Suppose 4*j = -4*y + 68, 8*y + n*j - 75 = 3*y. What is the units digit of y?
2
What is the tens digit of (-1)/5 - (-510)/50?
1
Let k(z) = z**2 + 3*z - 7. Let r be k(-5). What is the units digit of 155/15 - 1/r?
0
Let m = 40 + -30. What is the tens digit of m?
1
Let g(z) = -4*z - 3 + z**3 - 5*z**2 + 0*z**3 - z. What is the units digit of g(6)?
3
Let b be (-5)/(-10)*(0 + 10). Let g(x) = 2*x + 5. What is the units digit of g(b)?
5
Suppose -3*v + 50 = 2*v. Let q(z) = -z**3 - z + 3. Let g be q(0). Suppose -2*j = -d + g*j - 20, -v = -3*d + j. What is the units digit of d?
5
Suppose 50 = 4*r + r. Let c = r + 11. Suppose 0 = g + 8 - c. What is the tens digit of g?
1
Suppose -3*q + 81 = 48. What is the tens digit of q?
1
Let h = 9 + -10. Suppose -q + 3*o + 4 = 4*o, 0 = -4*q + 5*o - 11. What is the units digit of q + 5 - (1 + h)?
6
Let o be 2*-7 - (-1 + 0). Let t = o - -26. What is the tens digit of t?
1
Let l = 13 + -11. Suppose 0 = -l*i - 4*h + 68, 0 = h + 1 - 2. What is the units digit of i?
2
Suppose 0 = c - 4 - 0. What is the units digit of c?
4
Let l(p) be the second derivative of -7*p**3/6 + p**2/2 + p. Let d be 14/(-12) + 5/30. What is the units digit of l(d)?
8
Suppose 0*w + 16 = 4*w. What is the units digit of ((-10)/(-1))/(w/8)?
0
What is the tens digit of 8/20 + (-14)/10 + 101?
0
Let h = 5 + 23. What is the tens digit of h?
2
Let d(h) = -6 - h**3 + 0*h**2 + 4*h + 3*h**2 - 8*h**2. What is the units digit of d(-6)?
6
Suppose -6*x + 1365 = -x. What is the hundreds digit of x?
2
What is the tens digit of 3 + (-4 - -1*39)?
3
Let v(g) = -g**3 + 4*g**2 + 6*g + 1. Let r be (12/(-8))/((-6)/20). What is the units digit of v(r)?
6
Let t(g) = 2*g + 0*g**2 + 0*g**2 + g**2. Let x be t(-2). Suppose u + 2*z = 10, u + x*z + 2 = 2*z. What is the units digit of u?
4
What is the units digit of ((-30)/18)/((-2)/6)?
5
Let i be 0 - 2 - (-1 + -1). Suppose i = -l + 1 - 3. Let v = 6 - l. What is the units digit of v?
8
Let y(w) = w**3 + 8*w**2 - w - 7. What is the units digit of y(-8)?
1
Let j = -19 - -27. Let p = j + -3. What is the units digit of p?
5
Let n = 3 + 0. Let z = -11 - -15. Suppose -z*b - n*a + 9 = 0, -b - 2*a = 4*b - 20. What is the units digit of b?
6
Suppose -5*s + 8 = -2. Let j(l) = 4*l**2 + 9*l - 5*l**s + 0 - 6. What is the units digit of j(8)?
2
Let u be 1 - -1 - 8/(-4). Let a = u + -3. What is the units digit of a?
1
What is the tens digit of 4/3*(-114)/(-4)?
3
Suppose 6 = 5*a + 31. What is the units digit of (-5)/(-1) + (-3 - a)?
7
Suppose -z - 4*z = -60. What is the units digit of z?
2
Let d(i) = 5*i**3 - i**2 - 1. Let v be d(3). Suppose -49 = 4*s - v. What is the units digit of s?
9
Suppose 4*n = -6 + 22. Suppose 3 = -q + 2*q. Suppose 0 = -m - q*u - 11, 0 = 2*m - n*m - 4*u - 14. What is the units digit of m?
1
Suppose 5*h + 18 = -3*u, 2*u + 4*h + 2 = -10. Let f be (u/(-2))/(2/(-10)). What is the tens digit of (12/f)/((-2)/50)?
2
Let r(w) = -7 - 3 - w + 6. Let x be r(-7). Suppose -9 + x = -s. What is the units digit of s?
6
Suppose -14*h - 190 = -16*h. What is the tens digit of h?
9
Let j = -2 + 11. What is the units digit of j?
9
Let d(i) = i**3 + 22*i**2 - 5*i + 24. What is the tens digit of d(-22)?
3
Let q(o) = 2*o**2 + 9*o + 4. Suppose -11 = c - 5*a, 5*a + 0 = -2*c - 7. What is the unit